12 - 64568?
-6457a
In base 5, what is -233110420 + -310?
-233111230
In base 16, what is 122aec4 - 4?
122aec0
In base 9, what is -52 + -25664103?
-25664155
In base 12, what is 30223ab + -2?
30223a9
In base 10, what is 6 + 2561358?
2561364
In base 11, what is -3 + -10272720?
-10272723
In base 3, what is 22000122110 - -20120212?
22021020022
In base 7, what is 45036 - 3461?
41245
In base 8, what is 122306 - -736?
123244
In base 2, what is -11111111000111110011010100 + 10?
-11111111000111110011010010
In base 12, what is 4 + -132b5b89?
-132b5b85
In base 11, what is 5931348 + 0?
5931348
In base 8, what is -6 + 2017033?
2017025
In base 7, what is 42253 + -5426?
33524
In base 8, what is 361513 + 354?
362067
In base 14, what is -36d3 - cb3?
-45a6
In base 4, what is 1300313112013 + 0?
1300313112013
In base 10, what is 47648 + 30?
47678
In base 9, what is -438012 + -35?
-438047
In base 8, what is 2342770 + 1102?
2344072
In base 10, what is -4 + 5999429?
5999425
In base 8, what is 520225 + 51?
520276
In base 14, what is 312 - -3d23?
4235
In base 5, what is -244040344 - 1304?
-244042203
In base 4, what is 2132213331 + 12121?
2132232112
In base 2, what is 100000001010010010100111 + -10000?
100000001010010010010111
In base 15, what is 3b171c + 8c?
3b17a9
In base 14, what is 6c011 + -35?
6bdba
In base 4, what is 21220 + -12213310?
-12132030
In base 15, what is -4 + -6ae053?
-6ae057
In base 15, what is -9eb35a + -1?
-9eb35b
In base 4, what is -332133012 - -11110?
-332121302
In base 10, what is 163 + -67522?
-67359
In base 10, what is -32 + -3554120?
-3554152
In base 8, what is -1221640 + 10?
-1221630
In base 10, what is 2 + -2491421?
-2491419
In base 3, what is -211 + -212120121012?
-212120122000
In base 8, what is 67 + 1343022?
1343111
In base 7, what is -311653215 + -1?
-311653216
In base 13, what is 169b641 + -3?
169b63b
In base 4, what is -1 + 103202230002101?
103202230002100
In base 2, what is -1001010101010 - 10110110111?
-1100001100001
In base 10, what is 2955604 - 3?
2955601
In base 15, what is 77c04 + -27?
77bcc
In base 14, what is 2 - -2a2b28?
2a2b2a
In base 10, what is 19 - -35452993?
35453012
In base 2, what is 10000010010011111 + -11000100?
10000001111011011
In base 15, what is -1 + db38eb?
db38ea
In base 16, what is -20407 + 31?
-203d6
In base 6, what is 120351 - -4543?
125334
In base 14, what is -a - -2a76a02?
2a769d6
In base 5, what is 12203 - -32001144?
32013402
In base 4, what is 2 - -10201113220032?
10201113220100
In base 3, what is 11201201101021 - 11022?
11201201012222
In base 5, what is -11 - 1133422340?
-1133422401
In base 13, what is 9052 + 6c2a?
12c7c
In base 4, what is 1332 - 233232112?
-233230120
In base 7, what is 0 + 2305313013?
2305313013
In base 15, what is -3e9c99 - -6?
-3e9c93
In base 8, what is 11601714 + -355?
11601337
In base 11, what is 18794 + -1634a?
2445
In base 5, what is -3 - -2001223322?
2001223314
In base 7, what is -266645 - 1356?
-301334
In base 9, what is -626576300 - 2?
-626576302
In base 7, what is -4 - 1163232026?
-1163232033
In base 16, what is 23fd5 - 10e?
23ec7
In base 2, what is 100011110 - 110001000101000?
-110000100001010
In base 9, what is 20423704 + 11?
20423715
In base 4, what is -10002 + 3000112?
2330110
In base 9, what is -14681 - 83?
-14774
In base 7, what is 2 - -34126420?
34126422
In base 11, what is 173341 - -3?
173344
In base 15, what is -52 - -b72d?
b6cb
In base 11, what is 1329480a + 4?
13294813
In base 3, what is 1011101212020 + 1102?
1011101220122
In base 11, what is -254a1 + -350?
-25841
In base 15, what is -7 - 247a1c?
-247a24
In base 9, what is 351 + -7766?
-7415
In base 2, what is 11111011101001101101110 + 10010011?
11111011101010000000001
In base 4, what is 1000001213 + 2333?
1000010212
In base 2, what is 101001111101011110101111 - -1?
101001111101011110110000
In base 6, what is -15144443 - 212?
-15145055
In base 4, what is -3331120 + -321201?
-10312321
In base 10, what is 502560 + 188?
502748
In base 15, what is -5801a + -552?
-5856c
In base 8, what is -6 + 11662712?
11662704
In base 16, what is 811a - c86?
7494
In base 12, what is -3 - 4717538?
-471753b
In base 13, what is -115b7 + 8a?
-1152a
In base 9, what is -1404 - -32655?
31251
In base 13, what is 2 + 1c0213?
1c0215
In base 14, what is 57 + -41c94?
-41c3b
In base 15, what is -c6 - 426d?
-4344
In base 12, what is 2 + 84b0632?
84b0634
In base 4, what is 112 + -103122031220?
-103122031102
In base 9, what is -378314816 + 4?
-378314812
In base 4, what is -10000033212 - -2?
-10000033210
In base 16, what is -2 - -48c5b89?
48c5b87
In base 16, what is -41ef3 + 8?
-41eeb
In base 5, what is -243132431 - -1204?
-243131222
In base 3, what is 10202012011010 + -20?
10202012010220
In base 13, what is -96ccb - 97?
-97095
In base 3, what is -1011210021 + -1012200?
-1012222221
In base 12, what is 65 - -3182b9?
318362
In base 14, what is 211 + 1862?
1a73
In base 7, what is -6645 + 13433?
3455
In base 3, what is 110001022001200 - -11?
110001022001211
In base 6, what is 1045 + 240215?
241304
In base 12, what is -18 + 669b533?
669b517
In base 9, what is 4 + -4120726?
-4120722
In base 7, what is 2230610 - 145?
2230432
In base 7, what is 14630 + -6450?
5150
In base 16, what is -3 + 12bc42c?
12bc429
In base 6, what is -1541311 + -34535?
-2020250
In base 4, what is 11301012120 + -102?
11301012012
In base 4, what is 132231030 + 2311?
132300001
In base 5, what is -32400144113 - 30?
-32400144143
In base 12, what is -32b672 + 3?
-32b66b
In base 12, what is -1454b1325 - 0?
-1454b1325
In base 6, what is 0 - -22001144?
22001144
In base 8, what is -366132774 - 0?
-366132774
In base 8, what is 206050 + 1447?
207517
In base 12, what is 11 + b3988a?
b3989b
In base 12, what is -11 - 419b13?
-419b24
In base 3, what is 1122202 + -100112000120?
-100110100211
In base 4, what is -3 + -32300011012?
-32300011021
In base 10, what is 2177662 - 4?
2177658
In base 11, what is 44 - 14850?
-14807
In base 14, what is 1259a + 1c1?
1277b
In base 7, what is -254103230 + 2?
-254103225
In base 13, what is 24200 - 9?
241c4
In base 7, what is 130154665 - 26?
130154636
In base 3, what is 10210 - -21120001101?
21120012011
In base 16, what is -a + 2961ad?
2961a3
In base 14, what is 149b4d64 + -2?
149b4d62
In base 4, what is -11203201 + -11211?
-11221012
In base 5, what is -10 - -1410433?
1410423
In base 8, what is 74 + 5344366?
5344462
In base 3, what is 200020200110 + 1001?
200020201111
In base 14, what is 38d - -3d077?
3d426
In base 13, what is 14502 - 11a8?
13327
In base 14, what is 4 - 1b7cbac?
-1b7cba8
In base 15, what is 1021c8 - -31?
102209
In base 5, what is 130 - 10443132?
-10443002
In base 10, what is -33669926 - 5?
-33669931
In base 8, what is 700612 + 36?
700650
In base 7, what is 616 + -241652?
-241033
In base 10, what is 24 - -2952983?
2953007
In base 14, what is -211 + 3ac58?
3aa47
In base 9, what is -4715 - -108848?
104133
In base 14, what is -5 - 6108946?
-610894b
In base 15, what is 36d6ed4 + -5?
36d6ece
In base 7, what is 3 - 3063435415?
-3063435412
In base 5, what is -132131202 + 11030?
-132120122
In base 13, what is 2 - 11c8919?
-11c8917
In base 16, what is b + 51427?
51432
In base 11, what is 651a57 - 5?
651a52
In base 5, what is 101423044 - 122?
101422422
In base 3, what is 1011 + -12002201222?
-12002200211
In base 9, what is 522385 + 2462?
524857
In base 10, what is 3910674 - -74?
3910748
In base 10, what is 1 - 97236295?
-97236294
In base 13, what is -7a97 + 51?
-7a46
In base 11, what is -38 + -12788?
-12815
In base 10, what is -10 - -23107113?
23107103
In base 11, what is 9520 - -3a8?
9918
In base 15, what is -19 - -7770dc?
7770c3
In base 15, what is -194d - -7?
-1946
In base 11, what is 75283307 + 0?
75283307
In base 2, what is 1111111111100010000110 - -1000?
1111111111100010001110
In base 15, what is 2 + 1696d62?
1696d64
In base 3, what is -2202010022121 + -10021?
-2202010102212
In base 13, what is 0 + 155b0b?
155b0b
In base 12, what is ba1726 - 4?
ba1722
In base 2, what is 1100010010110100101111 + -11?
1100010010110100101100
In base 5, what is 40241232 - 1004?
40240223
In base 5, what is 30031 - -103104?
133140
In base 8, what is -1 + -54770205?
-54770206
In base 13, what is 522424 - 4?
522420
In base 2, what is -10010011000100000100110111 - -100?
-1001001100